 + 3182 = 0. What is the hundreds digit of 1 - w/(-6) - (-1)/3?
1
Let d(r) be the first derivative of -r**2 + 3*r - 1. Let h(g) = -39*g + 228. Let b be h(6). What is the units digit of d(b)?
5
Let y(f) = 346*f**2 - 33*f - 61. What is the hundreds digit of y(-2)?
3
Let o(a) = -a**3 + 10*a**2 - 11*a + 23. Let c be o(10). Let n = -62 - c. What is the units digit of n?
5
Let r = -3230 - -7123. What is the units digit of r?
3
What is the hundreds digit of -3 + (-29121)/(-21) + (-16)/(-56)?
3
Let g(o) = -o - 5. Let a be g(-5). Suppose -w - 4*v - 14 = a, -w = -4*w - 5*v - 14. Let p = 17 + w. What is the tens digit of p?
1
Let f = -21 + 19. Let n be (f/6)/(2/(-30)). Suppose 17 = -n*m + 132. What is the units digit of m?
3
Let v = 26 - 41. Let j(x) = 14*x - 76. Let i be j(9). Let n = v + i. What is the tens digit of n?
3
Suppose 140*p - 158*p = -40680. What is the units digit of p?
0
Suppose -2*x + 2*s = -66, 0*x - 5*s + 73 = 2*x. Let n = 98 - x. Suppose 5*t - t = n. What is the units digit of t?
6
Let g be -4 - (4/2 - 2). What is the tens digit of g/10 - (-696)/40?
1
Let k(l) = -13*l**3 + 4*l**2 + l + 1. What is the units digit of k(-4)?
3
Let f = -26 - -15. Let c be 12 + f - 4/(-2). Let m = 2 + c. What is the units digit of m?
5
Suppose 2*d = c + 156, 2*c + 182 = -5*d + 563. What is the tens digit of d?
7
Suppose z = 3*y - 6451, 5*y - 3283 = -5*z + 7442. What is the units digit of y?
9
Let l = 2810 - 1977. What is the hundreds digit of l?
8
Let q be -22*(-30)/25 + (-2)/5. Suppose 0 = -5*x - 15, -x + 458 = 3*g + q. What is the tens digit of g?
4
Suppose 5*l - 4*b = 307, 0*l - 5*b = -5*l + 310. What is the units digit of l?
9
Suppose 0 = -15*g + 4*g - 110. Let p(l) = 2*l**3 + 22*l**2 + 2*l + 14. What is the units digit of p(g)?
4
Suppose -3*l - 5*x + 39 = 0, 8*l + 5*x = 3*l + 65. What is the units digit of l?
3
Suppose -5*w + 697 = -3033. What is the hundreds digit of w?
7
Let a(v) = -3*v - 3. Let u(h) = 48*h + 48. Let f(n) = 33*a(n) + 2*u(n). Let z be f(6). Let x = -12 - z. What is the units digit of x?
9
Suppose 16*z - 7575 = z. What is the units digit of z?
5
Suppose -16*j + 54*j = 49818. What is the units digit of j?
1
Let y(x) = 29*x**2 - x - 9. What is the tens digit of y(4)?
5
Suppose -o - 3 = 0, 6 = n - 3*n + 2*o. Let l(q) = -41*q + 11. What is the tens digit of l(n)?
5
Let o = -73 + 140. Let b = o + -28. What is the tens digit of b?
3
Let w = 16 - 18. Let i(j) = 10*j**2 + 4. What is the units digit of i(w)?
4
Suppose 2*a - 139 = -3*k, 3*a + 4*k = 3*k + 219. Let r = a - 55. What is the tens digit of r?
1
Let h = 575 + 327. What is the hundreds digit of h?
9
Suppose q + 3*q - 528 = 0. Let o = q + -72. What is the tens digit of o?
6
Suppose -3*d = z - 4*d + 41, -d + 155 = -4*z. What is the units digit of z/8*(-6 - (-90)/(-5))?
4
Suppose -3*c - 4233 = -5*r + 3495, -3*r + c + 4636 = 0. What is the tens digit of r?
4
Suppose 46*g - 45*g = 554. What is the units digit of g?
4
Suppose 607*h = 602*h + 3145. What is the tens digit of h?
2
Let m(r) = 15*r - 33. What is the tens digit of m(8)?
8
Let f = -232 - -335. What is the units digit of f?
3
Suppose -44*i = -36*i - 2032. What is the hundreds digit of i?
2
Suppose -4*p + 2*d + 8907 = d, -2*d = -p + 2232. What is the tens digit of p?
2
Let u = 172 - -155. Suppose 4*x + 87 = u. What is the units digit of x?
0
Let m(u) = 58*u**2 - 8*u - 36*u**2 + 2 + u**3 + 6. What is the hundreds digit of m(-22)?
1
Let h(m) = 28*m - 11. Let n be h(5). Let c = -44 + n. What is the units digit of c?
5
Let t be 57 + 3 + 9/(-3). Suppose h - 12 = t. Suppose -4*l = -7*l + h. What is the units digit of l?
3
Let h = -1428 + 2108. What is the tens digit of h?
8
Let i(g) be the third derivative of 8*g**2 + 19/6*g**3 + 0 + 0*g - 1/120*g**6 - 1/60*g**5 + 1/24*g**4. What is the units digit of i(0)?
9
Let l(d) = -21*d + 38. What is the units digit of l(-12)?
0
Suppose 589 = 55*m - 74*m. Let z be (-4)/(-10) + (-754)/10. Let u = m - z. What is the units digit of u?
4
Let a(u) be the first derivative of 19*u**2/2 - 5*u - 31. What is the tens digit of a(9)?
6
Suppose -69*s + 61*s + 11032 = 0. What is the units digit of s?
9
Let g be (8 - 4)/(-2)*-1. Suppose g*c = 153 + 221. Suppose -46 = -0*u - u - q, 3*q - c = -4*u. What is the units digit of u?
9
Let c(r) = r**2 - 2*r - 22. Let q be c(7). Suppose 4*s + q = i - 0*s, 28 = i + s. What is the tens digit of i?
2
Let h(i) = i**3 + 12*i**2 - i - 25. Suppose -m - 11 = -4*k - 59, 2*k - 3*m = -34. What is the tens digit of h(k)?
0
Let l(v) = v**3 + 2*v**2 - 3*v - 7. Let c be l(-3). Let a = c + 11. Suppose -s + 4*q - a = -2*s, -5*s + 110 = 2*q. What is the tens digit of s?
2
Let x(j) = 9*j + 70. What is the hundreds digit of x(13)?
1
Suppose -4*l + 11 = -5. Let r be (-1 - 2) + 5 + 6. What is the units digit of (r/(-12))/(l/(-150))?
5
Let l(q) be the second derivative of q**4/12 - q**3/2 + 51*q**2/2 + 5*q. What is the tens digit of l(0)?
5
Suppose -4*a - 26 = -10, -716 = -3*h + 5*a. Let g = -132 + h. What is the tens digit of g?
0
Suppose 5*x = 7*x - 6. Suppose 4*o + 5*h - 31 = x*o, -3*h - 39 = -3*o. Suppose 0 = -3*d + o + 8. What is the units digit of d?
8
Suppose -2*t = -2*k - 2, k = -2*t - k - 2. Suppose -b = -t*b + 2. Let c(p) = -17*p + 1. What is the tens digit of c(b)?
3
Let d(z) = 2 + 20*z - 11*z + 0 + z**2. Let g be d(-7). What is the tens digit of g/(-42) - (-292)/7?
4
Let g(a) be the third derivative of a**4/12 + 13*a**3/3 + 10*a**2. Let n(x) = x**2 + 12*x + 22. Let o be n(-11). What is the tens digit of g(o)?
4
Let c(k) = k**2 - 5*k - 2. Let q(n) = -n**2 - n + 1. Let d be q(2). Let i be c(d). Suppose i = -2*z + 5*z. What is the units digit of z?
6
Suppose 0 = b - 1475 + 1075. What is the hundreds digit of b?
4
Let d = -32 + 78. What is the tens digit of d?
4
Suppose -10*z + 3*z = -3192. What is the hundreds digit of z?
4
Suppose -f - 15 - 3 = -n, f = 2*n - 41. What is the units digit of n - (-3)/(6/(-4))?
1
Let p(f) be the third derivative of -f**4/24 - 13*f**3/6 - 13*f**2. Let t be p(-16). What is the tens digit of t*284/12 - -4?
7
Let r be (-6)/9*(-6)/4. Let l = -9 + r. What is the units digit of 0 + (-2 - (l + 3))?
3
Suppose -180 = -4*k + 4*w, 4*k = 2*w + 96 + 90. Suppose 9 = -3*c, -2*n + 465 = 3*c + 20. Suppose -5*m = -n - k. What is the tens digit of m?
5
Let i(u) = -33*u - 15 - 50*u - 19 + 30. What is the hundreds digit of i(-3)?
2
Suppose -30 = -4*c - 5*d, -c + 2*d - 1 + 2 = 0. Suppose 2*z + 9 = -x - 5, 0 = -c*x - 5*z - 45. Let j(q) = -q**3 - 3*q**2 - q. What is the tens digit of j(x)?
2
Let p(s) = 3*s + 10. Let d be (-28)/(-7) - (-1 - 2). Let b(v) = 2*v**3 - 14*v**2 + 2*v + 1. Let w be b(d). What is the tens digit of p(w)?
5
Suppose -a - 5*u = a - 10, 0 = 4*u. Suppose 0 = a*w + 155 - 20. Let q = -19 - w. What is the units digit of q?
8
Suppose 10140 = -315*q + 320*q. What is the thousands digit of q?
2
Let h(x) = 4*x**3 - 3*x**2 + 2*x - 3. Let q be h(2). Let i = 366 + -359. Let d = q - i. What is the tens digit of d?
1
Let k(g) = -3*g - 3. Let d be k(-2). Let y be d/(-9) - (-313)/3. Suppose 4*p - y - 36 = 0. What is the tens digit of p?
3
Let c(i) = 498*i**3 + 2*i**2 - 2*i + 1. What is the tens digit of c(1)?
9
Suppose -5*z - 4*x = -0*z - 23, 3*z = 4*x + 1. Suppose 0 = -k - z*k + 4. Suppose -k = u, -2*y + 5*u - u + 48 = 0. What is the units digit of y?
2
What is the units digit of 2*(-4 - -7) + 240?
6
What is the hundreds digit of 754/(-5)*(-15)/3 - -1?
7
Suppose -p + 1 = -1. Suppose p*y = 101 - 13. What is the units digit of y?
4
Let c(l) = 1. Let m(d) = 14*d + 28. Let r(t) = 28*c(t) - m(t). What is the hundreds digit of r(-11)?
1
Let q(t) = 4*t + 4. Let d be q(2). Suppose d*o + 72 = 14*o. What is the tens digit of o?
3
Suppose 69 = 4*s - 2*v - 155, -4*s + 4*v + 232 = 0. Let g = 89 - s. What is the tens digit of g?
3
Suppose 4 = -2*k, -5*k = 3*p - 10 + 35. Let f = p - -18. What is the tens digit of f?
1
Let r(i) = 8*i**2 + 20*i - 38. What is the tens digit of r(11)?
5
Let n be 42/(-12)*4/(-7). Suppose -r + 4*k - 5*k = 0, 1 = -r - n*k. What is the units digit of r?
1
Let d(t) = t**2 + 6*t + 6. Let n(f) = -2*f**2 - 13*f - 13. Let v(i) = -5*d(i) - 2*n(i). Let p be v(-5). Let g = 30 + p. What is the units digit of g?
1
Suppose 15 = -5*p - 3*s, 0 = -6*p + 2*p - 5*s + 1. Let t(